ulate the remainder when l is divided by 10.
8
Let f = -12 + 14. Calculate the remainder when 50 is divided by 6160/240 + f/(-3) + 1.
24
Let a be (3/(-4))/(14/(-168)). Let w be 6/a + (-4)/(-3). Suppose -v + 33 = 4*h, 0 = -3*v + w*v - 3*h + 34. Calculate the remainder when v is divided by 19.
18
Let d(a) = -a**2 - 34*a + 284. What is the remainder when d(-36) is divided by 65?
17
Suppose 2*a + 2 = 0, -725 - 1327 = -5*j - 3*a. Calculate the remainder when j is divided by 46.
43
Let b(i) = -i**2 - i + 191. Let n be b(0). Let m = 112 - -24. Let v = n - m. What is the remainder when v is divided by 14?
13
Calculate the remainder when (-5)/10*4 + (426 - 0) is divided by 85.
84
Let w = -48 - -87. What is the remainder when 113 is divided by w?
35
Suppose -2*b - 101 = -111. What is the remainder when 15 is divided by b?
0
Let m(x) = x**3 - 6*x**2 - 3*x - 21. Calculate the remainder when 102 is divided by m(8).
19
Let p be (-2)/(-7)*(-1 - -8). Suppose -p*b + 7 = 1. Calculate the remainder when 19 is divided by b.
1
Let t(o) = o**2 - 3*o + 9. Let k be t(4). Suppose k = 2*x - w - 0*w, -5*x = 5*w - 55. Calculate the remainder when 31 is divided by x.
7
Let a(u) = 7*u**2 + 18*u - 1. What is the remainder when a(-5) is divided by 5?
4
Let p = 241 + -131. Suppose 12*l + p = 14*l. Calculate the remainder when l is divided by 14.
13
Suppose -2*k - 1 = -2*z + 1, 5*z = k + 21. Suppose j - k*j = -2*v - 196, v = -3*j + 181. Calculate the remainder when j*(-2)/(-4) + 3 is divided by 18.
16
Suppose 2*d = 210 - 128. What is the remainder when 161 is divided by d?
38
Let u = 1188 + -1163. What is the remainder when 319 is divided by u?
19
Let a = -176 - -260. Calculate the remainder when 162 is divided by a.
78
Suppose 2 - 17 = 5*c - 2*z, 5*c = -5*z - 50. Calculate the remainder when 54 is divided by (c - -9)/(0 - 1/(-5)).
14
Let x = 1720 + -1533. Calculate the remainder when x is divided by 31.
1
Let g be (4/6)/(2/1041). Suppose 319 = 9*a - g. Calculate the remainder when a is divided by 25.
24
Let p(l) = -88*l + 66. Let f(m) = m - 1. Let n(b) = -66*f(b) - p(b). Let g be n(-2). Let z = 73 + g. What is the remainder when z is divided by 10?
9
Let b = -29 - -48. Suppose r + 684 = 20*r. Calculate the remainder when r is divided by b.
17
Let d(f) = -f**3 + 9*f**2 - 8*f + 7. Let x be d(8). Suppose 4*k - x*w - 288 = -3*w, -4*k - 2*w + 258 = 0. What is the remainder when k is divided by 7?
4
Let m(n) = -n**3 - 12*n**2 + 12*n + 27. What is the remainder when m(-13) is divided by 22?
18
Calculate the remainder when (9 - 275)*(-5)/10 is divided by 27.
25
Suppose -3*o = -3*y + 108, 3*y - o = 4*y - 44. What is the remainder when y is divided by 5?
0
Let x = 387 - 349. What is the remainder when x is divided by 11?
5
Suppose -3*w + 718 = -3*z - 119, -3*w + 834 = -4*z. Suppose 0 = -3*r, 7*j = 4*j + 4*r + w. Calculate the remainder when j is divided by 24.
22
Suppose -27*q - 1102 = -46*q. What is the remainder when q is divided by 17?
7
Suppose -341*x + 8806 = -327*x. What is the remainder when x is divided by 8?
5
Suppose 4*b - 90 = -b + 3*c, 3*b - 54 = 5*c. Let k = -177 + 667. Suppose 0*n - k = -7*n. Calculate the remainder when n is divided by b.
16
Let b be ((-21)/(-6))/(1/(-10)). Let y = b - -60. Suppose 3*t + 2*o = 220, 2*o = -2*t + 107 + 41. Calculate the remainder when t is divided by y.
22
Suppose 0 = -14*d + 7*d + 455. Let x = 95 - d. Suppose 30 = 3*f + 6*s - 5*s, 3*s = -9. Calculate the remainder when x is divided by f.
8
Let o = 18 - 30. Let u = o - -29. Suppose 124 = 4*l - 0*l. Calculate the remainder when l is divided by u.
14
Let j(v) = -v**3 - 7*v**2 + 17*v - 3. Suppose 3*b - r + 114 - 23 = 0, 70 = -2*b + 3*r. Let g = 44 + b. Calculate the remainder when g is divided by j(-9).
3
Let i(b) = 6*b + 3. Let m be i(5). Let y = 0 + 3. Suppose -5*w + y*w - 5*q + 15 = 0, 3*q + m = 3*w. What is the remainder when 37 is divided by w?
7
Let u be (-3 - 0/(-1)) + 7. Suppose -16 = -3*w + u*o - 3*o, 4*o = -2*w - 8. Suppose 0 = w*j - 89 + 29. Calculate the remainder when j is divided by 4.
3
Suppose 2*k - 4 = 0, -k - k + 4 = -4*c. Suppose -2*b + 14 = -c*b. Let s(u) = 2*u**3 + u**2 + u + 2. What is the remainder when s(2) is divided by b?
3
Let h be (-4)/(-16) + 3021/12. Suppose -12*m + 15*m = -h. Let d = m + 140. Calculate the remainder when d is divided by 19.
18
Suppose y = -4*h - y + 334, -91 = -h - 2*y. Let i = h - 47. Calculate the remainder when i is divided by 9.
7
Let f = 53 - 28. Suppose -3 = q - 5*y, y - 12 = -2*q + 4. What is the remainder when f is divided by q?
4
Suppose 0 = -16*f + 7*f + 27. Suppose f*q - 5*q + 14 = 0. Calculate the remainder when 27 is divided by q.
6
Let o(n) = 2 - n**3 + 0*n**3 + 0*n**3 + 3*n - 3*n**2. Suppose -c + 0*c = 5. What is the remainder when o(c) is divided by 10?
7
Suppose 3*p = -6 + 33. Suppose 5*x - 71 = p. Suppose 4*o + 4*u - 100 = 0, o - 54 = 3*u - 13. Calculate the remainder when o is divided by x.
13
Suppose -3*x + 3*y = -0*y - 846, 0 = y - 5. What is the remainder when x is divided by 12?
11
Let q(g) = -g**3 + 33*g**2 - 34*g + 188. Calculate the remainder when q(32) is divided by 29.
8
Let g(y) = 2*y**2 - 15*y - 4. Let f be g(8). Suppose f*m - 92 = -24. Calculate the remainder when 30 is divided by m.
13
Let d(a) = -a**2 + 9*a + 6. Let s(j) = -2*j**2 + 9*j + 6. Let o(f) = -3*d(f) + 2*s(f). Calculate the remainder when 33 is divided by o(-6).
9
Let b(q) = 2*q + 48. Let j be b(-22). Suppose -2*l + 15 = -l - 3*w, -j*l - 2*w + 88 = 0. What is the remainder when 81 is divided by l?
18
Suppose 2*f = 1009 - 297. What is the remainder when f is divided by 7?
6
Let c(s) = s. Let h be c(3). Let g = h + 23. Let r = g + -16. What is the remainder when r is divided by 3?
1
Suppose -140 = -18*w + 4. Suppose -5*i + 65 = 10. What is the remainder when i is divided by w?
3
Let z be (-22 - -2)/((-2)/(-4)). Let s = -36 - z. Suppose s*m - 29 = -1. What is the remainder when m is divided by 5?
2
Let g = 137 + -122. Let c = -22 + 78. Calculate the remainder when c is divided by g.
11
Suppose 5*t = 4*c - 225, -4*t - 2 = 2. What is the remainder when c is divided by 21?
13
Let o(n) = n**2 + 17*n + 10. Let i be o(-11). Let q = i + 61. What is the remainder when 17 is divided by q?
2
Suppose 4*y - 640 = -8*s - 216, 5*s - 4*y - 252 = 0. What is the remainder when 414 is divided by s?
50
Suppose 9 = -3*j + a - 72, 0 = 5*j - 5*a + 135. Let q = 30 + j. Calculate the remainder when q is divided by 1.
0
Suppose 0 = -4*b - 0*b - 16, 0 = 4*t - 4*b - 24. What is the remainder when 32 is divided by t?
0
Calculate the remainder when 149 is divided by ((-11)/33*-1)/((-1)/(-114)).
35
Let r = -542 - -564. What is the remainder when 81 is divided by r?
15
Let l(w) = -w**3 + 10*w**2 + 16*w + 15. What is the remainder when 271 is divided by l(11)?
61
Let x = -4 - -34. Let s(u) = 2*u**2 - 14*u + 27. What is the remainder when s(10) is divided by x?
27
Suppose -4*k + 168 = -160. Let j = 6 - 1. Suppose 88 = 4*a - 3*h + 2*h, -h = j*a - 101. Calculate the remainder when k is divided by a.
19
Suppose 2*a + 0*a - 7 = d, 1 = 5*d + 2*a. Let l(b) = 99*b**2 + 2*b + 2. What is the remainder when l(d) is divided by 25?
24
Suppose 3*k + 2*m = -42, 74 = -5*k - 3*m + m. Calculate the remainder when (k - -4)*16/(-6) is divided by 11.
10
Suppose 6*z + 2540 = 2618. Calculate the remainder when 999 is divided by z.
11
Let u(b) = 14*b - 2. Suppose z + n - 3*n = 19, 0 = 4*z - n - 62. Calculate the remainder when u(2) is divided by z.
11
Suppose -4*u - 10*g + 7*g = -133, 3 = -3*g. What is the remainder when 65 is divided by u?
31
Suppose 3*d + 18 + 15 = 0. Let b = 20 - d. Let u = -28 + b. Calculate the remainder when 11 is divided by u.
2
Let n(r) = -1 + 4*r**2 + 9*r + r**3 - 3*r - 4*r. What is the remainder when (-4)/2 + 1*12 is divided by n(-2)?
1
Let g be (-7)/((-21)/12) + -6. Let j be (-11)/33 + g/(-6). Let q = 77 + j. What is the remainder when q is divided by 40?
37
Suppose 0 = -r + 5*r - 8, -r = 5*o - 237. Suppose -2*f + 19 = -o. Calculate the remainder when f is divided by 19.
14
Suppose -2*c = 3*c - 80. Let m = 28 - c. Let p(l) = -l**3 + 7*l**2 - 7*l + 8. What is the remainder when p(5) is divided by m?
11
Let u = -432 - -442. Calculate the remainder when 157 is divided by u.
7
Let h